 -p + 1. Let v be j(-3). Let t = v - -1. What is the remainder when w is divided by t?
4
Let r = -11 + 356. Calculate the remainder when r is divided by 87.
84
Let z be 13/(-2) - 4/(-8). Let p(n) = -3*n + 5. Let o be p(-4). Let q = o - z. What is the remainder when q is divided by 12?
11
What is the remainder when 417 is divided by (-2)/(-5)*35 - -1?
12
Let c(b) = 35*b**2 + 1. Let y(t) = -8*t - 37. What is the remainder when c(-1) is divided by y(-7)?
17
Let q = -1837 + 1994. What is the remainder when q is divided by 13?
1
Let h = -8 - -15. Suppose -5*p - 16 = -p. Let s = p - -22. What is the remainder when s is divided by h?
4
Let f(d) = d - 5. Let a be f(6). Suppose 2*q - a = 5, 2*q + 48 = k. Calculate the remainder when k is divided by (14 + 0)*1/1.
12
Let r be (8/(-6) + 2)*-3. Let h = r - -49. Suppose 5*y = 129 - 9. Calculate the remainder when h is divided by y.
23
Suppose 163 = -l - 3*n - n, 0 = 3*l + 5*n + 482. What is the remainder when 24 is divided by l/(-12) - (-18)/24?
10
Suppose 0 = 56*q - 81*q + 2850. Calculate the remainder when 337 is divided by q.
109
Let u be 1*-3*(-154)/33. Let c(y) = 18*y - u*y - 17*y + 7. Calculate the remainder when c(-4) is divided by 31.
28
Suppose t + 5 = 10. Suppose 5 = 2*p - t. Let n = 12 + -4. Calculate the remainder when n is divided by p.
3
Let n be 25/175 - (-519)/(-7). Let v = 100 + n. Calculate the remainder when 50 is divided by v.
24
Let l be (-1 - 3) + -8 + 15. Suppose -l*w + 63 = 4*w. Suppose 0 = 3*y, -2*k - 5*y + 43 = -k. Calculate the remainder when k is divided by w.
7
What is the remainder when 174 is divided by 2/(-7) - (-4 + 210/(-49))?
6
Let h(n) = n**3 - 7*n**2 + 3*n - 16. Let l be h(7). Suppose -q + l*o + 2 = 0, -2*q = 2*o - 54 + 14. What is the remainder when q is divided by 2?
1
Suppose -39 = -5*k + 46. Let r(w) = 10*w - 5. What is the remainder when r(7) is divided by k?
14
Calculate the remainder when 163 is divided by (-3)/((-63)/6)*7.
1
Suppose -2*y + 182 = 4*o + 696, -2*o + 5*y = 275. Let w = o - -223. Let a = w + -59. What is the remainder when a is divided by 9?
7
Let y = 15 - -21. Suppose -b + 2*u = u, -4*u + 28 = 3*b. Suppose b*d = -4*g + 33 + 35, -4*g - 3*d + 70 = 0. What is the remainder when y is divided by g?
17
Let b(i) = -3*i**3 - i + 560. Calculate the remainder when b(0) is divided by 11.
10
Let v = -58 - -61. Let c = v - -10. Calculate the remainder when c is divided by 2.
1
Let y(r) = r**3 + 10*r**2 + 7*r - 10. Suppose 25*u + 3*u - 234 = 10*u. Calculate the remainder when y(-7) is divided by u.
10
Let g(x) = -2*x**2 - 1. Let j be g(0). What is the remainder when (j + 3)*((-588)/8)/(-3) is divided by 13?
10
Let s(u) = -9*u - 3. Suppose 2*o = 40 + 16. Let d = 37 - o. What is the remainder when s(-4) is divided by d?
6
Suppose 5*v + 4*s - 162 = -0*v, 3*v + 4*s = 94. Suppose 0 = 3*i + 6*b - 11*b - 1, i = 5*b - 13. What is the remainder when v is divided by i?
6
Let z = 7 + -3. Suppose -6 = -5*l + 2*l, -88 = -z*p - 4*l. Suppose 3*t = 3, 0 = -4*c + t + t + 222. Calculate the remainder when c is divided by p.
16
Let k(f) = 10*f + 5. Let u be k(-4). Let c = -16 - u. Suppose 4*i - 54 = 2*g, 2*i - 2*g - 3 = c. Calculate the remainder when 46 is divided by i.
14
Calculate the remainder when 39 is divided by 2*((-525)/(-14))/5.
9
Let c(z) = -z**3 + 8*z**2 - 5*z + 2. Suppose 0 = -10*t + 13*t - 18. Suppose -t*g + 2*g + 24 = 0. Calculate the remainder when c(7) is divided by g.
4
Let n = 23 + -8. Suppose -87 = -n*m + 12*m. Calculate the remainder when m is divided by 10.
9
Let x be 464/(-64) + 1/4. Let n(r) = 2*r**2 + 12*r - 1. What is the remainder when 25 is divided by n(x)?
12
What is the remainder when 308/77*(1 - 9/(-2)) is divided by 20?
2
Suppose 4*v = 5*v - 29. Suppose j = 3*w + 3 + 59, j + 4*w = 34. Suppose -3*d = 2*d - j. Calculate the remainder when v is divided by d.
9
Suppose 0 = -5*f - 4*o + 673, 2*f + 2*o - 90 - 178 = 0. What is the remainder when f is divided by 18?
11
Suppose 2*x - 3*p + 111 = 0, p - 46 - 161 = 4*x. Let f = -24 - x. What is the remainder when f is divided by 14?
13
Let o = 463 + -288. Calculate the remainder when o is divided by 13.
6
Let i = -9 - -14. Suppose -y = -i*v, 4 + 4 = 2*v. Calculate the remainder when 59 is divided by y.
19
Suppose -4*y = 68 - 364. Let d = y + -49. What is the remainder when d is divided by 13?
12
Let a(q) = q**2 - 2*q - 36. What is the remainder when a(15) is divided by 32?
31
Let t(z) = 29*z - 53. Let y(f) = -7*f + 13. Let l(k) = -2*t(k) - 9*y(k). What is the remainder when 26 is divided by l(5)?
12
Suppose 10*p + 816 = 27*p. What is the remainder when p is divided by 18?
12
Let y(o) = o**3 - 55*o**2 - 116*o + 245. Calculate the remainder when y(57) is divided by 31.
7
Suppose -9*k = -10*k + 53. Suppose -k = -3*r - 2. What is the remainder when 60 is divided by r?
9
Let h(u) = -4*u**3 - 4*u**2 - u + 2. Let y be (-3)/2*(-8)/3. Let x = y - 6. Calculate the remainder when 38 is divided by h(x).
18
Suppose -19 = -3*r + 17. Let h = -330 - -334. Calculate the remainder when r is divided by h.
0
Let p = -181 + 186. What is the remainder when 32 is divided by p?
2
What is the remainder when 54 is divided by 2 - (6/(-12))/((-3)/(-36))?
6
Suppose 0 = -2*w - 0*w + 8. Suppose -2*a - 70 = -3*n - 4*a, w*n = 4*a + 60. Let i = -2557 + 2568. Calculate the remainder when n is divided by i.
9
Let l(v) = -v**3 + 10*v**2 - 39. What is the remainder when l(8) is divided by 9?
8
Suppose 32 = -k + w + 208, w + 900 = 5*k. Calculate the remainder when k is divided by 48.
37
Let a(t) = -t**2 + 14*t - 21. Let d be a(5). Calculate the remainder when 18/4*112/d is divided by 11.
10
Suppose c = -2*a - 4*c + 160, a = c + 66. What is the remainder when a is divided by -3 - (-9)/4 - (-2250)/120?
16
What is the remainder when 373 is divided by ((-8)/5)/(140/(-1925))?
21
Let c = -517 + 552. Calculate the remainder when 168 is divided by c.
28
Let i(f) = 18*f**2 + 8*f - 4. Calculate the remainder when 584 is divided by i(2).
80
Let c = -1 + 9. Calculate the remainder when 6 - c - (-2 + -36) is divided by 10.
6
Let r be ((-1)/(-3) - 1)/(8/(-36)). Let o(f) = 11*f + 7. Calculate the remainder when o(r) is divided by 11.
7
Suppose o - z - 515 = 0, 0 = -2*o + z - 4*z + 1020. Suppose 136 = -13*h + o. Calculate the remainder when h is divided by 8.
5
Suppose -2*t + 570 = 2*w, -6*w + 9*w - 3*t = 849. Calculate the remainder when w is divided by 41.
38
Let d(j) = j**3 + 3*j + 13. Suppose 2*m = m + 11. Let t = m + 6. What is the remainder when d(3) is divided by t?
15
Let p(y) be the second derivative of -y**5/20 - 5*y**4/12 + 2*y**3/3 + 4*y**2 + 11*y. What is the remainder when p(-6) is divided by 3?
2
Let y(l) = -l**3 - 32*l**2 + 31*l - 9. Let h(b) = 4*b**3 - 2*b - 1. Let w be h(-1). Calculate the remainder when y(-33) is divided by w*2/(-6)*20.
17
Let j(h) = 0*h**3 - h**3 + 4*h**2 - 12*h**2 - 9 - 8*h - 2*h. What is the remainder when 4/6 + (-2)/6*-103 is divided by j(-7)?
11
Suppose 4*y - k + 3*k - 14 = 0, 3*k + 29 = 4*y. Calculate the remainder when 14/9*(-26)/(52/(-18)) is divided by y.
4
Suppose 3*k + f - 721 = 0, -2*f + 968 = 4*k - 4*f. Calculate the remainder when k is divided by 41.
36
Calculate the remainder when 54 is divided by (4/2 + -5)*(87 + -88).
0
Let g(l) = 12*l**2 + 16*l + 42. Calculate the remainder when g(-3) is divided by 22.
14
Suppose -l - 6*a = -2*a + 14, -4*l - 23 = 5*a. Calculate the remainder when l - -4 - (-2 + -33) is divided by 13.
11
Suppose -5*n = -9*n + 168. Let v be ((-405)/(-6))/(-9)*-2. Suppose k = v + 7. Calculate the remainder when n is divided by k.
20
Let i(s) = -2 + 3 + 4 - 9*s**2 - s**3 + 15*s + s**2. Let h be 1/4 - (-82)/(-8). What is the remainder when i(h) is divided by 29?
26
Let v(m) = m**2 - 20*m - 27. What is the remainder when 61 is divided by v(22)?
10
Suppose 4*t + 4*l = 36, 3*t - l + 2*l - 23 = 0. Suppose -176 = -15*m + t*m. Calculate the remainder when 129 is divided by m.
19
Let v = -353 + 373. Calculate the remainder when 1/(80/79 + -1) is divided by v.
19
Suppose -5*k = -47 - 23. What is the remainder when 50 is divided by k?
8
What is the remainder when 281 is divided by 2/9 - (-17682)/378?
46
Let a(m) = 49*m + 3. Let d(r) = -73*r - 4. Let s(i) = -7*a(i) - 5*d(i). Let n = -3 - -5. Calculate the 